(-2)?
10
Let d = 346 - 346. Let f(x) = 3*x**2 + 3*x + 3. Let q be f(-2). Let l(h) = -5*h + h - q + 3*h. What is l(d)?
-9
Let i = 32 + -29. Let f(b) = 11*b - 9*b - i*b + 5. Calculate f(9).
-4
Let g(b) = -b**3 + 2*b**2. Let t(q) = q**3 + 22*q**2 + 106*q + 19. Let d be t(-15). What is g(d)?
-32
Let d(t) = 7*t**2 + 22*t - 9. Let o(p) = 4*p**2 + 12*p - 5. Let a(i) = 3*d(i) - 5*o(i). Give a(-4).
-10
Let z(t) = t - 29. Let n(x) = 4*x - 115. Let i(j) = -2*n(j) + 9*z(j). Determine i(32).
1
Let o = -38 - -45. Let t(v) = 3*v + 11. Let y(b) = 2*b + 6. Let w(n) = -6*t(n) + 10*y(n). Give w(o).
8
Let m(c) be the first derivative of c**2 - 11*c - 373. Determine m(7).
3
Let n(t) = -2*t**2 + 5*t - 3. Let m = 35 - 31. Give n(m).
-15
Let c(u) = -2*u**2 + 17*u + 6. Let x be c(9). Let r(i) = i**2 + 3*i - 2. Let b be r(-4). Let p(a) = a**2 - b*a**2 + 4 - a - 3*a + 6*a. Give p(x).
-11
Let i(z) = 0 - 61*z - 1 + 60*z - 3. Let g be i(-8). Let k(w) be the second derivative of -w**5/20 + 5*w**4/12 - 5*w**3/6 + 5*w**2/2 - w. Determine k(g).
1
Let j(r) be the first derivative of -5*r**4/4 - r - 45. Determine j(-1).
4
Let k(t) = 2*t**3 + 16*t**2 - 2*t - 11. Let o = -1687 - -1679. What is k(o)?
5
Let u(i) be the third derivative of i**4/24 - 5*i**3/2 - 202*i**2. Calculate u(7).
-8
Let b be (30/(-9))/5*-3. Let a(p) = -p + 4 + 4*p**b - 7*p**2 + p**3 - 3*p. Suppose -f - 12 = -4*f. What is a(f)?
4
Let u(q) = -2*q**3 + 29*q**2 - 19*q - 13. Let z(r) = r**3 - 15*r**2 + 9*r + 6. Let d(t) = -3*u(t) - 5*z(t). Give d(11).
20
Let u(w) = -w - 6. Let s(k) = -3*k - 59. Let q be s(-19). Let p be ((-2 + 2)/q - 0)/2. Determine u(p).
-6
Let p(k) = -9*k + 1. Suppose 0*s + s + 2*v + 8 = 0, -5*v + 71 = -4*s. Let g(t) = 4*t. Let h(l) = s*g(l) - 6*p(l). Give h(-4).
2
Let v(w) = 3*w**2 - 23*w - 13. Let j be v(8). Let n(r) = 2*r + 10. Give n(j).
0
Let h(x) = x**2 - 2*x + 4. Let i(o) = -o + 14. Let m be i(-10). Suppose 5*f - 27 = 3*r, 4*f = -0*f + 3*r + m. Give h(f).
7
Let u(z) = -7*z**3 - 18*z**2 - 16*z + 15. Let w(s) = 11*s**3 + 27*s**2 + 24*s - 23. Let f(r) = -8*u(r) - 5*w(r). Suppose 918*h - 929*h - 88 = 0. What is f(h)?
-5
Let w be ((-6)/6)/(3 + -4). Let f(p) = -10*p**2 + 5*p - 4. Let j(l) = 10*l**2 - 4*l + 3. Let h(x) = 3*f(x) + 4*j(x). Determine h(w).
9
Let y(x) = -6 + 0*x + 0*x + 13*x**3 + x - 14*x**3 + 5*x**2. Calculate y(5).
-1
Let l(b) = b - 6. Let a(q) = -q**3 + q**2 + q - 2. Let x be a(0). Let w be (-2)/(-3)*(-15)/x. Calculate l(w).
-1
Suppose 3*r = -4*a - 15, -2*r - 18*a - 5 = -17*a. Let x(q) = 27*q**2 + q + 1. Determine x(r).
27
Let c(d) be the second derivative of 0*d**2 + 0 - 1/12*d**4 - 1/2*d**3 + 12*d. Calculate c(-5).
-10
Let m(a) = -a - 1. Suppose 0 = 42*b - 40*b - 6. Give m(b).
-4
Suppose 56 = 3*v + v. Let t(m) = -v*m - 15*m - 1 + 28*m. Let u(o) = -7*o - 2. Let k(w) = 5*t(w) - u(w). Give k(4).
5
Let s be (3/6 + 0)*(16 + -2). Let n(r) = 3*r - 6. What is n(s)?
15
Let u(x) be the third derivative of -x**5/30 - x**4/8 + 3*x**2. Let n(i) = i + 1. Let b(y) = -y + 3. Let l be b(6). Let r be n(l). What is u(r)?
-2
Let d be 32/12 + 2/6. Let k(j) = -3*j - 3. Let l(c) = -13*c - 12. Let t(w) = -w**2 + w + 9. Let a be t(0). Let b(u) = a*k(u) - 2*l(u). Determine b(d).
-6
Let r = 1608 + -1612. Let f(c) = -6*c - 23. Give f(r).
1
Let i(n) = 0 - 1 - 1 + 3*n - 4. Let o be (-6)/(((-9)/10)/(3/5)). Give i(o).
6
Let t(v) = 5*v + 11. Let u(i) = -i**3 - i**2 - 10*i + 26. Let n be u(2). Give t(n).
-19
Let m(y) = -y**2 - 6*y - 6. Let j = 89 + -87. Let t be (36/((-6)/2))/j. Give m(t).
-6
Let t = -55 - -43. Let y(h) = -h + 4. Let f be y(-3). Let b = f + t. Let r(i) = -i - 2. What is r(b)?
3
Suppose -9*u = -1 + 10. Let z(y) be the first derivative of y**2 + y - 1. What is z(u)?
-1
Let u(t) = -t**2 - 4*t - 6. Let i(n) = 2*n**3 - 19*n**2 + 8*n + 5. Let q be i(9). Determine u(q).
-6
Let q(f) = 5*f - 28 + 5*f**2 + 28 - 4*f. Calculate q(-1).
4
Suppose -6*z = -3*z + 5*f - 31, -14 = 3*z - 4*f. Let g(w) = -5*w**2 + 8*w + 21. Let c(h) = -h**2 + 2*h + 5. Let l(x) = z*g(x) - 9*c(x). What is l(-2)?
-3
Let u = -6 + 8. Suppose -u*t + 12 + 0 = 0. Let z(s) = 651*s - 9 + 3*s**2 - 643*s + 1 - 4*s**2. What is z(t)?
4
Let v(m) = -6*m**2 - 2*m + 1. Let c be v(1). Let y(l) = -6*l - 3. Let b(w) = w + 2. Let k(g) = -5*b(g) - y(g). Give k(c).
-14
Let p(h) = -h**2 - 8*h - 6. Let q(u) be the second derivative of -u**5/20 - u**4/4 - u**3/2 - 2*u**2 + 7*u. Let w be q(-3). Suppose -2 = -w*a - 32. Give p(a).
6
Let w(u) = 10*u**2 - 82*u + 21. Let k be w(8). Let l(f) = -f**2 + 6*f - 1. Let m(b) = -b**2 + 6*b. Let i(t) = 5*l(t) - 6*m(t). What is i(k)?
-10
Let u(q) = 8*q - 9*q**2 - 38 + 27 - 79*q**3 + 80*q**3. Determine u(9).
61
Let c(t) = 5*t + 6. Let j(p) be the first derivative of 7*p**2 + 18*p - 1. Let l(b) = -8*c(b) + 3*j(b). Let q = -13617 + 13612. Give l(q).
-4
Let j be 0*(-2 + (-12)/(-8)). Suppose 2*x + 1 + 5 = j. Let h(w) = -3*w**2 + 2*w**2 + 3*w + 4 + 2*w**2. Give h(x).
4
Let m = -24 - -23. Let o be 1/m*(-6)/(-2). Let p(d) = d - 2. Give p(o).
-5
Let h(n) = -6*n**3 - 6*n**2 + 3*n - 1. Let j(v) = 7*v**3 + 8*v**2 - 4*v. Let s(c) = -6*h(c) - 5*j(c). Calculate s(4).
14
Let i(c) = 0*c**3 + 7*c - 16*c**3 + 2 + 5*c**3 + 7*c**3 - 7*c**2 + 5*c**3. Determine i(6).
8
Suppose -2*y = 4*g + g - 24, 0 = -5*g - 3*y + 26. Let x(i) = -i + 9. What is x(g)?
5
Let c(d) = -d**2 - 3*d + 51 + 8*d - d - 16*d. Give c(-15).
6
Let x(a) = -50*a**2 - 6*a + 14. Let o(y) = -17*y**2 - 2*y + 5. Let m be 4 - (2 - 4)*1. Let z(j) = m*x(j) - 17*o(j). What is z(-1)?
-10
Let t(s) be the third derivative of 0 + 1/6*s**3 + 1/12*s**4 + 0*s - 2*s**2. Let h(w) = 6*w - 2. Let v be h(1). What is t(v)?
9
Let z = -1 + 2. Let a be z/(-5 + 2 + 2). Let s(u) = -9*u + 1. Calculate s(a).
10
Suppose 4*j - 8 = 0, 4*j - 20 = 2*k - 3*k. Suppose 0 = -3*g + g - k. Let v(z) = -55*z + 4. Let c(p) = 138*p - 10. Let a(b) = -2*c(b) - 5*v(b). Determine a(g).
6
Suppose 4*a - 64 = -q - 2*q, 2*q + 4*a - 48 = 0. Suppose -56*r + 60*r - q = 0. Let m(x) be the first derivative of -x**3/3 + 3*x**2 - 4*x + 1. Calculate m(r).
4
Let y(i) = -i**3 - i**2 - i + 38. Suppose -8*h + 7*h = -16*h. Determine y(h).
38
Suppose -10 = 5*v - 8*v - q, -q = v - 6. Let y(u) = -4*u. Calculate y(v).
-8
Let v(p) = 21*p + 2. Let n(h) = 32*h + 3. Let q(g) = -5*n(g) + 8*v(g). Let y(x) = x**2 - 7*x + 11. Let s be y(5). Calculate q(s).
9
Let u = -678 - -680. Let j(w) = -w**3 + 2*w. Determine j(u).
-4
Let j(l) = -l**2 + 4. Let c be 960/336 + (-3)/(-21). Give j(c).
-5
Let p(n) = -n**2 + 22*n - n**3 - 3*n**2 + 1 + 2*n**2 - 21*n. Let y = 8 - 10. What is p(y)?
-1
Let v(c) = -2*c + 7. Let d = -153 - -144. Calculate v(d).
25
Let y(k) = -k - 1. Suppose -q = -8*q + 21. Suppose q*d - 2 = h, 2 = 4*d - 4*h + 3*h. Calculate y(d).
-1
Let t(f) = -f**3 + f**2 + 4. Let d(u) = -2*u**3 + 4*u**2 - u + 9. Let c(m) = 3*d(m) - 5*t(m). Give c(6).
25
Let t(w) = -15*w + 15 - 13*w + 48*w - 19*w. Calculate t(4).
19
Let o(t) be the first derivative of -t**7/840 + t**6/60 + t**5/15 - 3*t**4/8 + t**3/3 + 6. Let u(m) be the third derivative of o(m). Give u(7).
-2
Let d be ((-42)/45)/7 + (-608)/(-285). Let y(v) = -8*v + 13. What is y(d)?
-3
Let u(y) = 9*y**3 + 3*y. Let v(w) = -28*w**3 - 8*w. Let s(p) = -11*u(p) - 4*v(p). Let i be ((-76)/8)/((-4)/(-56)). Let n be (-4)/14*i/38. Give s(n).
12
Let a(z) = -5*z**2 - 19*z + 23. Suppose 9*y - 35 = 4*y. Let v(t) = -6*t**2 - 20*t + 24. Let p(m) = y*a(m) - 6*v(m). Determine p(12).
5
Let h(q) = 3*q**2 - 2*q**2 - 246*q + 497*q - 14 - 245*q. What is h(-8)?
2
Let y(t) = -2 + 26*t**2 - 25*t**2 - 10 - 1 + 10. Let l be (0/1 - -1) + -1. What is y(l)?
-3
Let u(y) be the second derivative of y**4/12 - y**3/2 + 3*y**2/2 + 2*y + 7. Determine u(3).
3
Let x(k) = -k**2 - 2*k - 6. Let i(w) = -w**2 + 16*w + 57. Let y be i(19). Determine x(y).
-6
Suppose 30*t - 35*t + 40 = 0. Let f(b) = 1 + b**3 + 3*b + 4*b**2 - 14 + t. Determine f(-4).
-17
Let g(a) = 2*a - 6. Suppose 39*i = 38*i + 14. Let v = -9 + i. Calculate g(v).
4
Let f(d) = -3*d - 29. Let a be f(-11). Let p be -10 + (a - 2) + (2 - 3). Let m(s) = s**2 + 10*s + 9. Calculate m(p).
0
Let j be -2 - ((5 - 1) + -5). Let w be -8*-2*3/(-12). Let g = w + j. Let m(l) = l + 7. Give m(g).
2
Let x = 55 - 53. Let y(d) = 1 + 2*d**x + 27*d - 3*d**2 - 34*d. What is y(-6)?
7
Suppose 26*y - 22*y - 25 = -3*